8
Let z(m) = -2*m - 18. Let i(u) = -u + 8. Let n(w) = 2*i(w) + z(w). Let a(p) = -4*p. Let x be a(1). Determine n(x).
14
Let u(p) = p - 6. Let s = -114 - -52. Let b = s + 68. Determine u(b).
0
Let b be 6474/(-360) + 13 + 5. Let f(o) be the third derivative of -1/6*o**4 + 15*o**2 - b*o**5 + 0 + 0*o + o**3. Give f(-6).
-6
Suppose -84 = 5*u + 3*i - 107, -3*i = u - 19. Let g(j) be the third derivative of j**4/24 + j**3/6 - 2*j**2. Determine g(u).
2
Let c(u) = u**3 + 12*u**2 - 14*u + 9. Let a(x) = -391*x - 2359. Let h be a(-6). Determine c(h).
22
Suppose -3*i - 3*i + 1943 - 1907 = 0. Let a(y) = -2*y**3 + 9*y**2 + 18*y - 5. What is a(i)?
-5
Let v(x) = -18353903*x**2 + 2 - 4*x + x + 18353960*x**2. What is v(1)?
56
Let f(j) = j + 1. Let r(b) = -3*b. Let m(s) = f(s) - r(s). Let t = 575 + -310. Let g = t + -266. What is m(g)?
-3
Let b(x) = 3*x - 17. Let u be b(7). Let z(m) be the first derivative of -m**2/2 - 3*m - 60. What is z(u)?
-7
Let f(t) = -t**3 + 2*t. Let n = 130 + -66. Let c = 62 - n. What is f(c)?
4
Let c(w) = w - 22. Let u(i) = 2*i**3 - 5*i**2 + 6*i - 10. Let r be (6/(-8) + 1)*(12 + 0). Let q be u(r). Determine c(q).
-5
Suppose -7 = w + 4*b, -w + 2 = b + 3. Suppose -3*k = -s - w - 8, -5*s = 3*k - 27. Let m(v) = 1 + 4*v**2 - k*v - 9 - 5*v**2 - 6*v. Determine m(-6).
16
Let a(r) = 7*r**3 - r**2 + 2*r - 2. Let u(q) = 37*q - 221. Suppose 3*i - 9 = -3*y, 4*y + 15 - 48 = 3*i. Let n be u(y). Give a(n).
6
Let t(i) = 864*i**2 - 47*i - 134. Let y(l) = 144*l**2 - 8*l - 23. Let p(r) = -6*t(r) + 35*y(r). Calculate p(1).
-143
Let n(p) = -2 - p + 7 - 3. Suppose -47*t + 60*t - 520 = 0. Suppose 36*y = 16*y + t. Give n(y).
0
Let c(r) = 3*r + 16*r**2 - 5 + 0 - 15*r**2. Suppose 6*p - 15*p - 234 = 0. Let h = p + 22. Give c(h).
-1
Let f(q) = 74*q + 1187. Let l be f(-16). Let y(z) be the first derivative of z - 9 + z**2 - 11/3*z**l. Give y(-1).
-12
Let x(z) = 4886*z**2 - 5*z + 4891*z**2 - 44 - 9787*z**2 - z**3. Calculate x(-10).
6
Let u(a) = a**2 - 13*a - 5. Suppose -5*v + 6*q + 25 = 7*q, 19 = 4*v + q. Let h be 602/42 - 8/v. What is u(h)?
-5
Let b(m) be the second derivative of -m**3/2 + 6*m**2 + 34*m. Let c be b(3). Let l(w) = 32*w - 17*w + w**2 + w**c - 16*w. What is l(1)?
1
Let v(s) be the third derivative of s**5/60 - s**4/24 + s**3/6 + s**2. Let b = -31196 + 31199. What is v(b)?
7
Let s(d) = d**3 - 61*d + 15*d + 16 - 7*d**2 + 47*d. Give s(6).
-14
Let c(y) = -993*y - 985*y + 1983*y - 12. What is c(5)?
13
Let o(z) be the third derivative of -z**6/240 + z**5/120 + 5*z**4/4 + z**3/2 - 112*z**2. Let k(v) be the second derivative of o(v). Give k(-3).
10
Let f(m) = -30*m - 45*m - 23*m - 30*m + 3 - 4 + 124*m. Let n = -5 + 12. Give f(n).
-29
Let k = -160 + 162. Let w(r) = 8*r - r + 1 - 3*r - k*r + 9*r**2. Calculate w(-1).
8
Let s(k) = 58*k - 72. Let m(n) = 19*n - 19. Let x(q) = 7*m(q) - 2*s(q). What is x(2)?
45
Let g(y) = y**3 - 19*y**2 + 33*y + 22. Let o be (15 - (-5 - 2)) + 30/(-6). Calculate g(o).
5
Let m(n) = 3*n**3 - 29*n + 73*n - 4*n**3 - 14*n**2 + 18 - 26*n - 17*n. Give m(-14).
4
Suppose -7*i = -11*i + 40. Let x be (4 + -8 + 3)*(0 - i). Suppose x*r - 13*r - 36 = 0. Let f(d) = -d - 6. Determine f(r).
6
Let x(r) = r - 2. Suppose 10 + 5 = -3*n, -24 = -2*h + 4*n. Suppose h*k = -0*k - 68. Let c = -34 - k. Give x(c).
-2
Let n(t) = -t + 2. Let u(r) = -4*r + 3. Let c(k) = -9*k + 6. Let w(v) = -2*c(v) + 5*u(v). Let i(o) = -n(o) + w(o). What is i(1)?
0
Let t(y) = -y. Let d be t(3). Let o(c) = c**3 + 2*c - 1. Let r be o(1). Let p(h) = -7*h**2 - 5*h + 2*h + 2 + 6*h**r. Calculate p(d).
2
Suppose -4*v - 7*s = 18, -5*v = -6*v - s - 6. Let x(y) = y**3 + y**2 + y - 1. Let u(w) = -6*w**3 - 15*w**2 - 17*w + 4. Let c(f) = u(f) + 5*x(f). Calculate c(v).
-33
Let j(z) = 86*z + 8*z**2 - 8*z**2 - 2 - z**2 - 84*z. Calculate j(-5).
-37
Let p(k) be the third derivative of 3*k**3 + 0 + 7/120*k**5 + 0*k + 1/360*k**6 + 0*k**4 - 23*k**2. Let b(z) be the first derivative of p(z). Determine b(-8).
8
Let v = -7 + 14. Let l(f) = -f**2 + 4*f - 1. Let o(p) = 2*p**2 - 3*p - 7. Let b = -295 - -296. Let w(h) = b*o(h) + 3*l(h). Give w(v).
4
Let c(b) = -250 + b - 247 - 17*b**2 - 247 - b**3 + 742. What is c(-17)?
-19
Let a(f) be the second derivative of -25*f**3/3 + 12*f**2 + 2*f + 1870. Determine a(-2).
124
Let m(y) = 5*y**3 + 8*y**2 + 2*y + 17. Let x(j) = -23*j**3 - 31*j**2 - 9*j - 68. Let g(a) = 9*m(a) + 2*x(a). Determine g(10).
17
Let z(s) be the third derivative of -s**4/24 + 2*s**3/3 + 2*s**2 + 5. Let a(h) = -h**3 + 4*h**2 + 5*h + 3. Let r be a(6). Let f = 39 + r. Give z(f).
4
Let m(n) = 2*n + 1. Let p be m(1). Suppose -5*a + 3*d + 90 = 0, 0 = -3*a - 4*d + 5*d + 54. Let z(k) = 16 - 3*k - 38 + k**3 + a - k**2. Give z(p).
5
Let j(m) = -2*m**2 + 17*m + 19. Let z(a) = -a**2 + 8*a + 9. Let w(y) = 4*j(y) - 9*z(y). Let d(g) = 51*g + 200. Let b be d(-4). Calculate w(b).
27
Let k be (2/(-6) - 11/3)/(-2). Let s(h) = 2974*h - 2980*h + h**k + 2*h**2. Calculate s(4).
24
Let h(z) = 2*z - 2. Let o(j) = 2*j - 2. Let s(v) = -2*h(v) + 3*o(v). Let r = -35 - -35. Suppose 2 + r = k. Give s(k).
2
Let j(o) = 4*o + 26. Let g(r) = -1. Let b(y) = 5*g(y) + j(y). Let c be b(-5). Let a be (1 + c)*(-6)/(-4). Let w(n) = n**2 - 2. Determine w(a).
7
Let x(q) = 5 + 1 - 5. Let m(l) = -9*l - 3. Let u(p) = m(p) + 4*x(p). Suppose 153*g - 69 + 114 = -108. Give u(g).
10
Let a(w) = -391*w - 204. Let d(h) = 35*h + 18. Let u(y) = 3*a(y) + 34*d(y). What is u(-3)?
-51
Let b(s) = s**2 + 2*s - 13. Let f(c) = -c**2 - 28*c + 29. Let i be f(-29). What is b(i)?
-13
Let k(f) = 4*f - 181. Let i(z) = 135*z + 1665. Let d be i(-12). What is k(d)?
-1
Let v(h) = -1 - h**3 + 2*h**3 + 6*h**3. Let x(g) = -g - 12. Let d be x(-12). Suppose d = -l + 4*s + 1, 3*l - s - 2 - 1 = 0. What is v(l)?
6
Let r be (-2)/5 - 494/(-10). Let g(l) = -20*l - 50 + 18*l + r + 9*l. Determine g(2).
13
Let n be -1*((8 - -48) + -50). Let u(x) be the second derivative of x**3/6 - 4*x**2 + x. Let b(f) = 2*f - 8. Let q(y) = 2*b(y) - 3*u(y). What is q(n)?
2
Let a(j) = -11*j + 261. Let s be a(23). Let f(c) = 4*c**3 + 3*c**2 - 7*c + 10. Let d(p) = p**3 - p**2 - p. Let x(i) = -5*d(i) + f(i). What is x(s)?
-6
Let i(x) = -5*x. Let s(d) = 4*d. Let a(c) = -3*i(c) - 4*s(c). Suppose -10*g + 35 = -5. Suppose 5*z + 15 = -2*o, -34*z = g*o - 32*z + 6. Calculate a(o).
0
Let i(z) = 0 - 3*z + 14 - 5. Let u be ((-2)/4)/(9 + ((-73)/12 - 3)). What is i(u)?
-9
Let t(h) be the third derivative of h**6/120 - h**5/15 + h**4/6 + h**3/6 - 1219*h**2. Let q be (6/10)/(2/10). Let r be t(q). Let a(n) = -5*n + 3. What is a(r)?
-17
Let x(k) be the third derivative of -k**5/60 - 5*k**4/24 - 4*k**2. Let z(o) = -o**2 - 19*o - 89. Let v be z(-7). Determine x(v).
0
Let x(u) = 8*u**2 + 13*u + 5. Let l(g) = -7*g**2 - 14*g - 2. Let y(m) = 7*l(m) + 6*x(m). What is y(-17)?
67
Let g(r) = 2*r + 1. Suppose -19*b + 2*y = -24*b - 17, 0 = y - 4. What is g(b)?
-9
Let t = -221 + 216. Let r(n) = 10*n + 46. What is r(t)?
-4
Let i(f) = -f**2 - f. Let p(u) = -3*u**2 - 23*u + 2. Let q(z) = 6*i(z) - p(z). Let g be 33/12 + 1791/796. Let y be q(g). Let v(n) = -n + 9. What is v(y)?
1
Let g(v) = 208*v + 53. Let k(x) = 64*x + 18. Let d(c) = -5*g(c) + 16*k(c). What is d(1)?
7
Suppose -6*m + 4*m = -62. Let f = -2 - -31. Let u = f - m. Let x(z) = -2*z**2 - 4*z - 2. What is x(u)?
-2
Let p(j) = -21*j + 55*j + 7 + 4*j**2 - j**3 + 0*j**2 - 28*j. Calculate p(5).
12
Let y(x) = 6*x**3 + 2*x**2 - 3*x. Let c(r) = -r**3 - 1. Suppose -4*b - 2*o - 8 = 2*o, -4*o = -2*b + 2. Let s(j) = b*y(j) - 4*c(j). Determine s(-2).
6
Let y(m) = -m**2 + 15*m + 35. Let r be y(16). Suppose -18*g + r*g = 8. Let c(o) = -o**2 + 10*o - 10. Determine c(g).
6
Let y = 113 - 13. Let s = y + -104. Let i(z) = 3*z - 6*z + 0*z**2 + 3*z**2 - 4 - z**3 + 2*z**3. What is i(s)?
-8
Let r be (-40)/(-12)*6/4. Let l(p) be the second derivative of p**4/12 - p**3/2 - 14*p + 50. Give l(r).
10
Let w(u) = -9*u**3 - 3*u**2 + 25*u - 4. Let f(p) = -5*p**3 - p**2 + 13*p - 3. Let a(o) = -11*f(o) + 6*w(o). Determine a(6).
15
Let o(j) = -19*j**3 + 40*j**2 - 6*j + 3. Let h be o(2). Let t(r) = -3*r**3 - 13*r - 12. What is t(h)?
4
Let k(z) = z**2 + 31*z + 113. Let d(h) = -133*h - 10933. Let j be d(-82). Determine k(j).
5
Let y(h) = h - 7. Let i be (1 - 25/15)/((-6)/(-27)). Let o(w) = -w**3 - 17*w**2 + w + 15. Le